e -5776*n + 5784*n + 160 = 0. Let v(w) = -w**3 - 19*w**2 + 21*w + 30. Determine v(n).
10
Let i(t) = t**2 + 2*t - 1. Let c(w) = -w - 1. Let m be (-8)/(-2) - (-32)/(-4). Let j be c(m). Suppose 3*v + 3 = -j. Determine i(v).
-1
Suppose -2*y = -v - 0*v - 13, 3*v - 10 = -y. Let k(x) = -x**3 + 7*x**2 + x - 10. Let a(q) = -q**3 + 7*q**2 + q - 9. Let b(u) = -4*a(u) + 3*k(u). Calculate b(y).
-1
Let m(l) = l - 6. Let n(z) = -z**3 + 7*z**2 - 5*z - 3. Let b be n(4). Let t = b - 22. Calculate m(t).
-3
Let a(l) = 4*l. Let g(z) = z**2 - 19*z - 5. Let h(c) = -4*a(c) - g(c). Calculate h(-2).
-5
Suppose -8*n - 13*n = -84. Let j(q) be the first derivative of q**2 + 4/3*q**3 - 5 + n*q + 1/4*q**4. Give j(-4).
-4
Let r = -26 - -34. Suppose 4*j - r + 2 = -2*u, 2*u = -j + 3. Let f(b) = -9*b**2 + b. Calculate f(j).
-8
Let h(g) be the first derivative of 1/3*g**3 - 34 + 3*g**2 + 3*g. Calculate h(-2).
-5
Let i(o) be the second derivative of -o**3 - o**2/2 + 7*o + 1. Give i(1).
-7
Suppose -2*x + 30 = 44. Let j(k) = k**2 + 9*k. Give j(x).
-14
Suppose -7*s + 2*s = 45. Let g be (-7)/s + (-4)/(-18). Let b(l) = l**2 + 5 + g + 8*l - l**2 + l**2. Give b(-4).
-10
Let d(l) = -2*l**2 + 13 + l**3 - 6*l**2 + 184*l - 187*l. Calculate d(8).
-11
Let o(i) = 1 - 6*i + 4*i**2 - 1857*i**3 - 4 + 4*i + 1858*i**3. Let v = -6 - -3. Determine o(v).
12
Let x(l) = -2*l**2 - 2*l - 4. Let v be x(3). Let s(u) = 3*u**2 - 2. Let r be s(-3). Let m = v + r. Let t(p) = 4*p + 2. What is t(m)?
-10
Let v(x) be the first derivative of 7 + 1/2*x**2 + x. Give v(4).
5
Let g be (-2)/(-21) - ((-2290)/(-105))/(-2). Let y(q) = -q**2 + 12*q - 4. Calculate y(g).
7
Let o = 166 + -163. Let v(k) be the third derivative of 0 + 0*k - 1/6*k**4 - 3*k**2 + 0*k**o. Determine v(-1).
4
Let z(y) = y + 2. Suppose -2*g = 2*g + 40. Let k(h) = h**2 + 10*h + 5. Let w be k(g). What is z(w)?
7
Let k(v) = -v**2 - 6*v - 1. Let q(b) = -7*b - 11. Let i be q(-1). Calculate k(i).
7
Let k(w) = -13*w + 7. Let x(a) = 7*a - 4. Let i = -65 + 71. Let o(v) = i*k(v) + 11*x(v). Suppose 8*r - 3*r + 2*s + 2 = 0, 4*s = -4*r - 4. Calculate o(r).
-2
Let d be (-36)/(-90) - (-111)/30*-2. Let t(g) be the second derivative of -g**5/20 - 7*g**4/12 + g**3/3 + 4*g**2 + g. Give t(d).
-6
Let x be ((-14)/6 - -1)*(-9)/6. Let z(c) = 256*c**2 + 3 + 252*c**x - 509*c**2 - 4*c. What is z(-5)?
-2
Suppose -11 - 14 = -5*j. Suppose -4 = -2*c + 6*c, 2*i = -5*c + 5. Suppose s - 2 = 2*z - 5, j = -i*z + 5*s. Let t(d) = d**3 - 4*d**2 - 2*d - 1. Calculate t(z).
-9
Let o = 134 + -75. Suppose 61*m = o*m + 16. Let l(z) = z**2 - 7*z - 7. Determine l(m).
1
Suppose -6*l - 6 = -30. Let a(c) = 2*c + 3*c + l - 1. Calculate a(3).
18
Let c = -21 - -26. Suppose -3*f = -c*f + 4. Let b(n) = n**3 + n**2 - 3*n + 1. What is b(f)?
7
Let z(v) be the third derivative of 20*v**2 + 0 + 1/24*v**4 + 1/3*v**3 - 1/30*v**5 - 1/120*v**6 + 0*v. What is z(-2)?
0
Let c(y) = -2*y**3 - 35*y**2 - 118*y - 2. Let s be c(-13). Let d(i) be the third derivative of 0 + 0*i - s*i**2 - 1/24*i**4 - 5/6*i**3. What is d(-5)?
0
Suppose -5*v - 4*t - 42 = 0, 3 = v - 0*v - 3*t. Let c be 2/(v/(-1)) + (-110)/33. Let m(k) = 3*k. Calculate m(c).
-9
Suppose 0 = -19*b + b + 90. Let p(h) = -h + 11. Determine p(b).
6
Let o(c) = -3*c. Let h(r) = -r**3 + 33*r**2 + 72*r - 67. Let i be h(35). Determine o(i).
-9
Let l = 631 + -628. Let s(y) be the second derivative of -1/2*y**2 - 1/12*y**4 + 0 - 1/6*y**l - 3*y. Give s(0).
-1
Let q = 2 + -3. Let g(n) = -5*n - 4. Suppose 0 = 4*j - 12. Let o(a) = -a - 1. Let v(b) = j*o(b) - g(b). Calculate v(q).
-1
Let v(o) = -o**2 - 18*o + 210. Let h be v(-26). Let k(t) = -12*t**2 + 4*t - 2. What is k(h)?
-42
Let u = 919 - 926. Let a(l) = 4*l + 28. What is a(u)?
0
Let j(q) be the third derivative of q**4/24 - 2*q**3/3 - 143*q**2. Let d(b) = -b**3 + 2*b**2 + 3*b - 3. Let m be d(3). What is j(m)?
-7
Let z = 7 - 10. Let x be (30/4)/(z/(-6)). Let r(n) = -x*n + 2 - 2 + 18*n. What is r(2)?
6
Let g be (-6)/(-18)*-2 - (-8)/3. Let f(j) = 9 + 5*j - 7*j + 2*j**3 + 7*j**g - 3*j**3. Determine f(7).
-5
Let g be 4*1 - (-1 - -1). Let h(q) be the second derivative of 13*q + 0 + 1/3*q**3 + 1/2*q**2. Give h(g).
9
Suppose -45*n + 165 = 30. Let v(o) be the second derivative of o**3/3 - o**2 + 2*o. What is v(n)?
4
Let t(j) = 3*j - 9*j + 479 - 15*j - 3*j - 481. What is t(1)?
-26
Let t(w) = w**2 - 7*w. Let o(p) = -46*p - 5. Let z be o(-12). Suppose z + 333 = -5*a. Let k be a/(-33) + 2/3. Calculate t(k).
-6
Suppose -2*c = -3*c + 3. Let v = c + -3. Let a(d) be the third derivative of -d**6/120 - d**5/60 + d**4/24 - d**3 + 10*d**2. Determine a(v).
-6
Suppose 0*r = 5*r. Let d(i) = 2*i**3 + 15*i**2 + 3*i - 5. Let v(a) = 5*a**3 + 35*a**2 + 7*a - 11. Let x(f) = -7*d(f) + 3*v(f). Determine x(r).
2
Let c(b) = 2*b + 10. Suppose 173*a - 77 = 162*a. Give c(a).
24
Suppose 2 = -s + 2*s. Suppose -3*p + s*u + 14 = 0, -3*p + 13 = p + 3*u. Let y(j) = -2*j - 3. What is y(p)?
-11
Let k(x) = x**2 + 1. Let i(w) = -w**3 - 8*w**2 - 2*w. Let s(f) = -i(f) - 4*k(f). Let d = -5 + 7. Suppose -14 = 4*q - d. Calculate s(q).
-1
Let a(d) = 4*d**2 - 5*d + 16. Let u(m) = -3*m**2 + 5*m - 15. Let q(f) = -4*a(f) - 5*u(f). Determine q(-7).
-3
Let j(w) = -3 + 9*w + w**2 - 7*w - 2*w**2 + 3*w. Suppose -10 = -4*m + 10. Suppose -5*g - 20 = 0, -m*y + 4*g = -y - 36. Give j(y).
-3
Let k be (12/(-30))/((-2)/100). Let p(t) = t**2 - 22*t + 26. Give p(k).
-14
Suppose 5 = q + 3. Let n(o) = -o**2 - 1. Let t(u) = 2*u**2 - 2*u + 5. Let m(w) = 4*n(w) + t(w). Give m(q).
-11
Let q be 4/(-3)*33/(-22). Suppose 5*u = -n + 27, u - 1 - q = n. Let c(k) be the second derivative of -k**4/12 + k**3/2 + 5*k**2/2 - 7*k. Calculate c(u).
-5
Let j(w) = w**2 + 4*w - 26. Let a be j(-7). Let o(n) = -2*n - 2. Determine o(a).
8
Let q(b) = -2*b - 1. Let g be q(-2). Suppose -4*p = -p + h + 8, -g*h = -2*p + 13. Let c(n) = n + 5*n - 4*n. Calculate c(p).
-2
Let s(j) be the third derivative of -j**5/60 - j**4/6 + j**3/2 + 18*j**2. Give s(-6).
-9
Let h(w) be the first derivative of -w**4/4 + 2*w**2 + 5*w + 58. Give h(-2).
5
Let i(c) = -c**3 - 12*c**2 + 20*c - 1. Let u(v) = -v**3 - 11*v**2 + 18*v - 1. Let o(l) = 3*i(l) - 4*u(l). Give o(-9).
28
Let a(r) = -3*r**2 + 5*r + 1. Let c(l) = -l**2 + l + 1. Suppose -5*p = -2*p - 6. Let h(t) = p*c(t) - a(t). Calculate h(5).
11
Let f(l) = -l**2 + 9*l. Suppose -3*g - 14 = -56. Suppose 5*t = 3*t + g. Give f(t).
14
Let p(g) = 14*g**2 + 7*g - 33*g**2 + 3 + 20*g**2. Determine p(-8).
11
Let b(z) = -6*z + 27. Let u(k) = 3*k - 13. Let j(s) = -6*b(s) - 13*u(s). Let d = 0 - -3. Suppose d*c - 1 = -2*h, 2*c = 5*h - 0*c - 31. What is j(h)?
-8
Let i(p) = -64*p + 131*p - 4 + 5*p**2 - 65*p. Give i(2).
20
Let k(o) = 3*o - 2. Let r(j) = -7*j + 5. Let d(h) = 5*k(h) + 2*r(h). Let q be d(6). Let w(l) = l**2 - 5*l - 1. Determine w(q).
5
Let o(h) = 3*h**3 + 6*h**2 - 8*h + 6. Let g(u) = 2*u**3 + 6*u**2 - 7*u + 5. Let p(n) = n + 1. Let j be p(-4). Let t(a) = j*o(a) + 4*g(a). What is t(5)?
7
Let v(h) = 23*h + 18. Let i(a) be the first derivative of -35*a**2/2 - 28*a + 22. Let m(p) = -5*i(p) - 8*v(p). Calculate m(3).
-31
Let s(a) be the second derivative of a**4/6 + 19*a**3/6 + 11*a**2/2 - 24*a. Give s(-9).
2
Let a(o) = -6*o**3 - o**2 - 2*o + 1. Suppose 16 = 10*d + 36. What is a(d)?
49
Suppose -4*z - 6 = 4*d - 18, -2*d - 3*z = -5. Let x(k) = -3*k + 13. Give x(d).
1
Let g(w) = -3*w**2 - 2*w + 4. Let b(a) = -7*a**2 - 4*a + 8. Let u(x) = -2*b(x) + 5*g(x). Let j = 180 - 183. Determine u(j).
1
Let y(c) = c. Let g(f) = f + 2. Let q(w) = g(w) - 3*y(w). Let s(l) = -l**2 + 2*l + 2. Let i be s(0). What is q(i)?
-2
Let r(c) = -c**3 + 9*c**2 - c + 1. Let h be -16 + 12 - 2*1. Let t be (-1 - h)*(4/5 - -1). Calculate r(t).
-8
Let t(k) = -k**3 - 6*k**2 + 5. Suppose 5 + 4 = 3*c. Let r = c + -9. Give t(r).
5
Suppose -2 - 10 = -4*x + j, -20 = 5*j. Suppose -x*p + p + 5 = 0. Suppose 2*i = -3*y + 25, p*y - i - 31 = i. Let r(z) = -z + 1. What is r(y)?
-6
Let k(b) = b + 10. Suppose y - 6 = -30. Let h = -29 - y. Determine k(h).
5
Let c(b) = -47 - 3*b + 2 + 3*b + 33 - b. Give c(-8).
-4
Let r(q) = q + 0 - 2 + 0*q + 2*q**3 + 1. Suppose -o + 5*l = 3*l + 3, l = -2*o + 4. Suppose -w = -g + 4 - o, 0 = -w + 3*g - 11. Calculate r(w).
2
Let u(l) = -5*l - 1. Let p be u(-1). Let v(c) = 3*c**3 - 2*c**2 + 7. Let f(y) = -10*y**3 + 5*y**2 -